{"id":10645,"date":"2024-08-29T11:58:32","date_gmt":"2024-08-29T15:58:32","guid":{"rendered":"https:\/\/tnfls-ntfsl.ca\/event\/faire-vivre-des-experiences-authentiques-en-fls\/"},"modified":"2025-03-05T15:29:37","modified_gmt":"2025-03-05T20:29:37","slug":"faire-vivre-des-experiences-authentiques-en-fls","status":"publish","type":"tribe_events","link":"https:\/\/tnfls-ntfsl.ca\/en\/event\/faire-vivre-des-experiences-authentiques-en-fls\/","title":{"rendered":"Authentic FSL student experiences"},"content":{"rendered":"<h1>Showcase meeting 4 &#8211; Thursday, February 27, 2025<\/h1>\n<h3><\/h3>\n<h2>PRESENTATIONS<\/h2>\n<p>&nbsp;<\/p>\n<ol>\n<li><strong>ImmersART Program &#8211; learning French as a second language through arts and culture<\/strong><\/li>\n<\/ol>\n<p style=\"padding-left: 40px;\"><strong>Safiatou Ali<\/strong>, Coordinator of school microfinancing programs, and <strong>Zinha Muabi<\/strong>, Coordinator of the national ImmersART microgrant program, F\u00e9d\u00e9ration culturelle canadienne fran\u00e7aise (FCCF)<\/p>\n<p style=\"padding-left: 40px;\"><span style=\"color: #0000ff;\"><a style=\"color: #0000ff;\" href=\"https:\/\/immersart.ca\/en\/\">ImmersART<\/a><\/span> is an innovative program for young learners of French as a second language, offering language immersion through authentic artistic and cultural experiences. By integrating creative activities such as music, dance, theater and visual arts, it reinforces language skills while fostering confidence and self-expression. The arrival of the program in autumn 2024 under the initiative of the <span style=\"color: #0000ff;\"><a style=\"color: #0000ff;\" href=\"https:\/\/fccf.ca\/\">F\u00e9d\u00e9ration culturelle canadienne-fran\u00e7aise<\/a><\/span> (FCCF), ImmersART offers an immersive approach that moves away from traditional methods to make learning French more lively and engaging, thus facilitating its daily use by students.<\/p>\n<p style=\"padding-left: 40px;\">2. <strong>Experiences Canada &#8211; an authentic and fun way to learn French as a second language<\/strong><\/p>\n<p style=\"padding-left: 40px;\"><strong>Mina Petrous<\/strong>, Youth Exchange Supervisor, <span style=\"color: #0000ff;\"><a style=\"color: #0000ff;\" href=\"https:\/\/experiencescanada.ca\/\">Experiences Canada<\/a><\/span><\/p>\n<p style=\"padding-left: 40px;\">Learning French at school can be enriching, but speaking the language in another Canadian community where it&#8217;s used daily reinforces its relevance and enthusiasm for the French language and culture. Mina Petrous will explain the origins of this nearly 90-year-old organization, and how its reciprocal cultural exchanges have had a long-term impact on the thousands of young people.<\/p>\n<p style=\"padding-left: 40px;\">3. <strong>Question and answer session<\/strong><\/p>\n<p style=\"padding-left: 40px;\">The two presentations will be followed by a question answer session moderated by <strong>Fran\u00e7ois Ouellette<\/strong>, member of the National Table for French as a Second Language (NTFSL), and Director of the \u00c9ducation en fran\u00e7ais Division at the Department of Education, Government of Nunavut.<\/p>\n<p>PRESENTATIONS (PDF format)<\/p>\n<p><span style=\"color: #0000ff;\"><a style=\"color: #0000ff;\" href=\"https:\/\/tnfls-ntfsl.ca\/wp-content\/uploads\/2025\/02\/ImmersART_English_Vitrine-TNFLS_2025-02-27_rd.pdf\">ImmersArt<\/a> <\/span>(English)<\/p>\n<p><span style=\"color: #0000ff;\"><a style=\"color: #0000ff;\" href=\"https:\/\/tnfls-ntfsl.ca\/wp-content\/uploads\/2025\/02\/Youth-Exchanges-Bilingual.pdf\">Experiences Canada<\/a><\/span> (Bilingual)<\/p>\n<p>Showcase meeting <span style=\"color: #0000ff;\"><a style=\"color: #0000ff;\" href=\"https:\/\/tnfls-ntfsl.ca\/wp-content\/uploads\/2025\/03\/Enregistrement-Reunion-Vitrine-4-27-Fevrier-20251.mp4\">recording<\/a><\/span><\/p>\n","protected":false},"excerpt":{"rendered":"<p>Showcase meeting 4 &#8211; Thursday, February 27, 2025 PRESENTATIONS &nbsp; ImmersART Program &#8211; learning French as a second language through arts and culture Safiatou Ali, Coordinator of school microfinancing programs, [&hellip;]<\/p>\n","protected":false},"author":3,"featured_media":2335,"template":"","meta":{"_acf_changed":false,"_seopress_robots_primary_cat":"","_seopress_titles_title":"","_seopress_titles_desc":"","_seopress_robots_index":"","inline_featured_image":false,"site-sidebar-layout":"default","site-content-layout":"","ast-site-content-layout":"default","site-content-style":"default","site-sidebar-style":"default","ast-global-header-display":"","ast-banner-title-visibility":"","ast-main-header-display":"","ast-hfb-above-header-display":"","ast-hfb-below-header-display":"","ast-hfb-mobile-header-display":"","site-post-title":"","ast-breadcrumbs-content":"","ast-featured-img":"","footer-sml-layout":"","ast-disable-related-posts":"","theme-transparent-header-meta":"default","adv-header-id-meta":"","stick-header-meta":"","header-above-stick-meta":"","header-main-stick-meta":"","header-below-stick-meta":"","astra-migrate-meta-layouts":"set","ast-page-background-enabled":"default","ast-page-background-meta":{"desktop":{"background-color":"var(--ast-global-color-4)","background-image":"","background-repeat":"repeat","background-position":"center center","background-size":"auto","background-attachment":"scroll","background-type":"","background-media":"","overlay-type":"","overlay-color":"","overlay-opacity":"","overlay-gradient":""},"tablet":{"background-color":"","background-image":"","background-repeat":"repeat","background-position":"center center","background-size":"auto","background-attachment":"scroll","background-type":"","background-media":"","overlay-type":"","overlay-color":"","overlay-opacity":"","overlay-gradient":""},"mobile":{"background-color":"","background-image":"","background-repeat":"repeat","background-position":"center center","background-size":"auto","background-attachment":"scroll","background-type":"","background-media":"","overlay-type":"","overlay-color":"","overlay-opacity":"","overlay-gradient":""}},"ast-content-background-meta":{"desktop":{"background-color":"var(--ast-global-color-5)","background-image":"","background-repeat":"repeat","background-position":"center center","background-size":"auto","background-attachment":"scroll","background-type":"","background-media":"","overlay-type":"","overlay-color":"","overlay-opacity":"","overlay-gradient":""},"tablet":{"background-color":"var(--ast-global-color-5)","background-image":"","background-repeat":"repeat","background-position":"center center","background-size":"auto","background-attachment":"scroll","background-type":"","background-media":"","overlay-type":"","overlay-color":"","overlay-opacity":"","overlay-gradient":""},"mobile":{"background-color":"var(--ast-global-color-5)","background-image":"","background-repeat":"repeat","background-position":"center center","background-size":"auto","background-attachment":"scroll","background-type":"","background-media":"","overlay-type":"","overlay-color":"","overlay-opacity":"","overlay-gradient":""}},"_price":"","_stock":"","_tribe_ticket_header":"","_tribe_default_ticket_provider":"","_tribe_ticket_capacity":"","_ticket_start_date":"","_ticket_end_date":"","_tribe_ticket_show_description":"","_tribe_ticket_show_not_going":false,"_tribe_ticket_use_global_stock":"","_tribe_ticket_global_stock_level":"","_global_stock_mode":"","_global_stock_cap":"","_tribe_rsvp_for_event":"","_tribe_ticket_going_count":"","_tribe_ticket_not_going_count":"","_tribe_tickets_list":"[]","_tribe_ticket_has_attendee_info_fields":false,"_tribe_events_status":"","_tribe_events_status_reason":"","_tribe_events_is_hybrid":"","_tribe_events_is_virtual":"1","_tribe_events_virtual_video_source":"zoom","_tribe_events_virtual_embed_video":"yes","_tribe_events_virtual_linked_button_text":"Watch","_tribe_events_virtual_linked_button":"yes","_tribe_events_virtual_show_embed_at":"immediately","_tribe_events_virtual_show_embed_to":["all"],"_tribe_events_virtual_show_on_event":"yes","_tribe_events_virtual_show_on_views":"yes","_tribe_events_virtual_url":"","footnotes":"","_tec_slr_enabled":"","_tec_slr_layout":""},"tags":[275,249],"tribe_events_cat":[272,274],"class_list":["post-10645","tribe_events","type-tribe_events","status-publish","has-post-thumbnail","hentry","tag-reunion-vitrine-4-en","tag-showcase-meeting-4","tribe_events_cat-meeting","tribe_events_cat-vitrine-en","cat_meeting","cat_vitrine-en","tribe-events-virtual-event"],"acf":[],"ticketed":["rsvp"],"_links":{"self":[{"href":"https:\/\/tnfls-ntfsl.ca\/en\/wp-json\/wp\/v2\/tribe_events\/10645","targetHints":{"allow":["GET"]}}],"collection":[{"href":"https:\/\/tnfls-ntfsl.ca\/en\/wp-json\/wp\/v2\/tribe_events"}],"about":[{"href":"https:\/\/tnfls-ntfsl.ca\/en\/wp-json\/wp\/v2\/types\/tribe_events"}],"author":[{"embeddable":true,"href":"https:\/\/tnfls-ntfsl.ca\/en\/wp-json\/wp\/v2\/users\/3"}],"version-history":[{"count":25,"href":"https:\/\/tnfls-ntfsl.ca\/en\/wp-json\/wp\/v2\/tribe_events\/10645\/revisions"}],"predecessor-version":[{"id":11381,"href":"https:\/\/tnfls-ntfsl.ca\/en\/wp-json\/wp\/v2\/tribe_events\/10645\/revisions\/11381"}],"wp:featuredmedia":[{"embeddable":true,"href":"https:\/\/tnfls-ntfsl.ca\/en\/wp-json\/wp\/v2\/media\/2335"}],"wp:attachment":[{"href":"https:\/\/tnfls-ntfsl.ca\/en\/wp-json\/wp\/v2\/media?parent=10645"}],"wp:term":[{"taxonomy":"post_tag","embeddable":true,"href":"https:\/\/tnfls-ntfsl.ca\/en\/wp-json\/wp\/v2\/tags?post=10645"},{"taxonomy":"tribe_events_cat","embeddable":true,"href":"https:\/\/tnfls-ntfsl.ca\/en\/wp-json\/wp\/v2\/tribe_events_cat?post=10645"}],"curies":[{"name":"wp","href":"https:\/\/api.w.org\/{rel}","templated":true}]}}

<h1>Showcase meeting 4 &#8211; Thursday, February 27, 2025</h1>
<h3></h3>
<h2>PRESENTATIONS</h2>
<p>&nbsp;</p>
<ol>
<li><strong>ImmersART Program &#8211; learning French as a second language through arts and culture</strong></li>
</ol>
<p style="padding-left: 40px;"><strong>Safiatou Ali</strong>, Coordinator of school microfinancing programs, and <strong>Zinha Muabi</strong>, Coordinator of the national ImmersART microgrant program, Fédération culturelle canadienne française (FCCF)</p>
<p style="padding-left: 40px;"><span style="color: #0000ff;"><a style="color: #0000ff;" href="https://immersart.ca/en/">ImmersART</a></span> is an innovative program for young learners of French as a second language, offering language immersion through authentic artistic and cultural experiences. By integrating creative activities such as music, dance, theater and visual arts, it reinforces language skills while fostering confidence and self-expression. The arrival of the program in autumn 2024 under the initiative of the <span style="color: #0000ff;"><a style="color: #0000ff;" href="https://fccf.ca/">Fédération culturelle canadienne-française</a></span> (FCCF), ImmersART offers an immersive approach that moves away from traditional methods to make learning French more lively and engaging, thus facilitating its daily use by students.</p>
<p style="padding-left: 40px;">2. <strong>Experiences Canada &#8211; an authentic and fun way to learn French as a second language</strong></p>
<p style="padding-left: 40px;"><strong>Mina Petrous</strong>, Youth Exchange Supervisor, <span style="color: #0000ff;"><a style="color: #0000ff;" href="https://experiencescanada.ca/">Experiences Canada</a></span></p>
<p style="padding-left: 40px;">Learning French at school can be enriching, but speaking the language in another Canadian community where it&#8217;s used daily reinforces its relevance and enthusiasm for the French language and culture. Mina Petrous will explain the origins of this nearly 90-year-old organization, and how its reciprocal cultural exchanges have had a long-term impact on the thousands of young people.</p>
<p style="padding-left: 40px;">3. <strong>Question and answer session</strong></p>
<p style="padding-left: 40px;">The two presentations will be followed by a question answer session moderated by <strong>François Ouellette</strong>, member of the National Table for French as a Second Language (NTFSL), and Director of the Éducation en français Division at the Department of Education, Government of Nunavut.</p>
<p>PRESENTATIONS (PDF format)</p>
<p><span style="color: #0000ff;"><a style="color: #0000ff;" href="https://tnfls-ntfsl.ca/wp-content/uploads/2025/02/ImmersART_English_Vitrine-TNFLS_2025-02-27_rd.pdf">ImmersArt</a> </span>(English)</p>
<p><span style="color: #0000ff;"><a style="color: #0000ff;" href="https://tnfls-ntfsl.ca/wp-content/uploads/2025/02/Youth-Exchanges-Bilingual.pdf">Experiences Canada</a></span> (Bilingual)</p>
<p>Showcase meeting <span style="color: #0000ff;"><a style="color: #0000ff;" href="https://tnfls-ntfsl.ca/wp-content/uploads/2025/03/Enregistrement-Reunion-Vitrine-4-27-Fevrier-20251.mp4">recording</a></span></p>
